{"id":14,"date":"2021-03-05T21:35:26","date_gmt":"2021-03-05T20:35:26","guid":{"rendered":"https:\/\/www.panskezlato.sk\/?page_id=14"},"modified":"2021-03-19T19:52:59","modified_gmt":"2021-03-19T18:52:59","slug":"vyroba-retiazky","status":"publish","type":"page","link":"https:\/\/www.panskezlato.sk\/index.php\/vyroba-retiazky\/","title":{"rendered":"V\u00fdroba retiazky"},"content":{"rendered":"<p>[vc_row][vc_column][vc_column_text]<\/p>\n<h3><strong>Kr\u00e1\u013eovsk\u00fd vzor 305 g<\/strong><\/h3>\n<p>[\/vc_column_text][vc_gallery type=&#8220;nivo&#8220; interval=&#8220;3&#8243; images=&#8220;302,303,304,305,306,307,308,309,310&#8243; img_size=&#8220;1200&#215;1200&#8243;][vc_column_text]\r\n    <div>        \r\n    <video id=\"plyr69ee1afce4b99\" controls class=\"easy-video-player\">\r\n       <source src=\"https:\/\/www.panskezlato.sk\/video\/2021-01-30-201146432.mp4\" type=\"video\/mp4\" \/>\r\n    <\/video>\r\n    <\/div>    <script>\r\n        const evplayerplyr69ee1afce4b99 = new Plyr(document.getElementById('plyr69ee1afce4b99'));\r\n        evplayerplyr69ee1afce4b99.ratio = '16:9';\r\n        evplayerplyr69ee1afce4b99.iconUrl = 'https:\/\/www.panskezlato.sk\/wp-content\/plugins\/easy-video-player\/lib\/plyr.svg';\r\n        evplayerplyr69ee1afce4b99.blankVideo = 'https:\/\/www.panskezlato.sk\/wp-content\/plugins\/easy-video-player\/lib\/blank.mp4';  \r\n    <\/script>[\/vc_column_text][\/vc_column][\/vc_row][vc_row][vc_column][vc_column_text]<\/p>\n<h3><strong>Kr\u00e1lovsk\u00fd vzor 108 g<\/strong><\/h3>\n<p>[\/vc_column_text][vc_gallery type=&#8220;nivo&#8220; interval=&#8220;3&#8243; images=&#8220;392,393,394,395,396,397,398,399,400&#8243; img_size=&#8220;1200&#215;1200&#8243;][\/vc_column][\/vc_row][vc_row][vc_column][vc_column_text]<\/p>\n<h3>Pancier 100g 60cm<\/h3>\n<p>[\/vc_column_text][vc_gallery type=&#8220;nivo&#8220; interval=&#8220;3&#8243; images=&#8220;401,402,403,404,405,406,407,408,409,410&#8243; img_size=&#8220;1200&#215;1200&#8243;][\/vc_column][\/vc_row][vc_row][vc_column][vc_column_text]<\/p>\n<h3>P\u00edlka 120 g<\/h3>\n<p>[\/vc_column_text][vc_gallery type=&#8220;nivo&#8220; interval=&#8220;3&#8243; images=&#8220;412,413,414,415,416&#8243; img_size=&#8220;1200&#215;1200&#8243;][\/vc_column][\/vc_row]<\/p>\n","protected":false},"excerpt":{"rendered":"<p>[vc_row][vc_column][vc_column_text] Kr\u00e1\u013eovsk\u00fd vzor 305 g [\/vc_column_text][vc_gallery type=&#8220;nivo&#8220; interval=&#8220;3&#8243; images=&#8220;302,303,304,305,306,307,308,309,310&#8243; img_size=&#8220;1200&#215;1200&#8243;][vc_column_text][\/vc_column_text][\/vc_column][\/vc_row][vc_row][vc_column][vc_column_text] Kr\u00e1lovsk\u00fd vzor 108 g [\/vc_column_text][vc_gallery type=&#8220;nivo&#8220; interval=&#8220;3&#8243; images=&#8220;392,393,394,395,396,397,398,399,400&#8243; img_size=&#8220;1200&#215;1200&#8243;][\/vc_column][\/vc_row][vc_row][vc_column][vc_column_text] Pancier 100g 60cm [\/vc_column_text][vc_gallery type=&#8220;nivo&#8220; interval=&#8220;3&#8243; images=&#8220;401,402,403,404,405,406,407,408,409,410&#8243; img_size=&#8220;1200&#215;1200&#8243;][\/vc_column][\/vc_row][vc_row][vc_column][vc_column_text] P\u00edlka 120 g [\/vc_column_text][vc_gallery type=&#8220;nivo&#8220; interval=&#8220;3&#8243; images=&#8220;412,413,414,415,416&#8243; img_size=&#8220;1200&#215;1200&#8243;][\/vc_column][\/vc_row]<\/p>\n","protected":false},"author":1,"featured_media":0,"parent":0,"menu_order":0,"comment_status":"closed","ping_status":"closed","template":"","meta":{"footnotes":""},"class_list":["post-14","page","type-page","status-publish","hentry"],"_links":{"self":[{"href":"https:\/\/www.panskezlato.sk\/index.php\/wp-json\/wp\/v2\/pages\/14","targetHints":{"allow":["GET"]}}],"collection":[{"href":"https:\/\/www.panskezlato.sk\/index.php\/wp-json\/wp\/v2\/pages"}],"about":[{"href":"https:\/\/www.panskezlato.sk\/index.php\/wp-json\/wp\/v2\/types\/page"}],"author":[{"embeddable":true,"href":"https:\/\/www.panskezlato.sk\/index.php\/wp-json\/wp\/v2\/users\/1"}],"replies":[{"embeddable":true,"href":"https:\/\/www.panskezlato.sk\/index.php\/wp-json\/wp\/v2\/comments?post=14"}],"version-history":[{"count":16,"href":"https:\/\/www.panskezlato.sk\/index.php\/wp-json\/wp\/v2\/pages\/14\/revisions"}],"predecessor-version":[{"id":417,"href":"https:\/\/www.panskezlato.sk\/index.php\/wp-json\/wp\/v2\/pages\/14\/revisions\/417"}],"wp:attachment":[{"href":"https:\/\/www.panskezlato.sk\/index.php\/wp-json\/wp\/v2\/media?parent=14"}],"curies":[{"name":"wp","href":"https:\/\/api.w.org\/{rel}","templated":true}]}}